 5, 7
Let h be (-2)/(-9) + (6 - (-76060)/36). Let f = h + -1125. Suppose 5*s + 78 = 5*g - 922, 5*g = 3*s + f. What are the prime factors of g?
197
Let h(s) = -12226*s + 2967. What are the prime factors of h(-6)?
3, 13, 19, 103
Suppose -14019 = -20*v + 72561. List the prime factors of v.
3, 13, 37
Suppose 2*g + 4 = 0, 2*f - 74074 = 2*g - 3*g. List the prime factors of f.
2, 3, 6173
Let s(p) = p**3 + 2*p**2 + 1. Let z(u) = 8*u**3 + 20*u**2 + 33*u + 21. Let x(d) = 6*s(d) - z(d). List the prime factors of x(-8).
761
What are the prime factors of (-10 + 20 - -1953)*(-1)/(-1)?
13, 151
Suppose 13656 = 18*h + 21135 - 79695. List the prime factors of h.
2, 17, 59
Let f be 7 - 5/10*2. Let j(y) = 175*y + 44. What are the prime factors of j(f)?
2, 547
Let n(k) = 5*k**2 + 8*k + 1. Let x(d) = 9*d**2 + 15*d + 1. Let s(m) = -5*n(m) + 3*x(m). List the prime factors of s(24).
2, 5, 127
Let i = -1971 - -3545. Suppose l = -5*j - 3*l + i, 2*l = -j + 316. What are the prime factors of j?
2, 157
Let h = 4037 + -2943. What are the prime factors of h?
2, 547
Let f be -106*(-3)/(-6)*4. Suppose -3*g = 4*k - 2*g + 1234, -4*k - 1224 = -4*g. Let t = f - k. What are the prime factors of t?
2, 3
Let j = -14481 + 26394. What are the prime factors of j?
3, 11, 19
Let d(q) = q + 2. Let z(v) = -2*v**2 + 50*v - 107. Let i(l) = -2*d(l) - z(l). List the prime factors of i(33).
5, 113
Let t be -28*((-9)/(-3) - (-51)/(-12)). Let d be t/(-14)*(-8)/1. Suppose d*r = 9*r + 528. List the prime factors of r.
2, 3
Let v(l) = l**3 - 205*l**2 + 1880*l - 304. What are the prime factors of v(196)?
2, 701
Let a(s) = 4*s**2 - 249*s + 6554. What are the prime factors of a(124)?
2, 3, 6197
Let y = 294 - 165. Suppose -2*q + 537 = y. What are the prime factors of q?
2, 3, 17
Let w(x) = 4*x**3 - 2*x**2 - 2*x + 5. Let l be w(0). Let a = 40 - 25. Suppose 8*b - a = l*b. What are the prime factors of b?
5
Suppose 209*p - 66209 - 9391 = 155*p. List the prime factors of p.
2, 5, 7
Suppose -57*j - 120*j = -2529861. What are the prime factors of j?
14293
Suppose 5*b - 5*u - 265 = -u, -b + 64 = -3*u. Let j = 138 - b. What are the prime factors of j?
89
Let g(q) = -2*q + 23. Let u be g(8). Suppose -u*z - 4 + 25 = 0. Suppose -z*s = s - 308. What are the prime factors of s?
7, 11
Suppose 0 = 5*o - 5*f - 40, -5 = 4*o - f - 34. Suppose o*i - 226 = 180. Let w = 149 - i. List the prime factors of w.
7, 13
Let u(p) = p**3 + 8*p**2 - 20*p - 2. Let l be u(-10). Let d be (-6 - (l + 2))*4/6. What are the prime factors of (101 + 1)*d/18*-6?
2, 17
Suppose 30 = 9*i + i. Suppose -5*c = -i*c - 4. Suppose 5*v + 3*t = 6*t + 45, -2*v + 22 = -c*t. List the prime factors of v.
2, 3
Let n(x) = -157*x - 26. Suppose 0 = -31*i + 7*i - 72. What are the prime factors of n(i)?
5, 89
Let l(m) = 55*m**3 - 2*m**2 + 4*m - 14. What are the prime factors of l(4)?
2, 5, 349
Let s be 4/(-6) - 1*(-42)/9. Suppose 307 = g - s*z, 5*z = -0*g + 5*g - 1505. Let k = g + -202. What are the prime factors of k?
97
Suppose 0 = 12*v - 97923 + 15567. List the prime factors of v.
6863
Let m(s) = 1092*s**2 - 5*s - 6. Let t be m(-1). Suppose 0 = 8*y - 3277 - t. List the prime factors of y.
2, 3, 7, 13
Let c(j) = j**3 - 19*j**2 + 16*j - 24. Let i be c(19). Let q = i + -87. Suppose 3*a - q = 62. What are the prime factors of a?
5, 17
Let o(m) = -2*m**3 + 4*m**2 + 75*m - 298. Let t be o(4). Suppose 240 = 2*h + s, 0 = -2*h + 3*h - 5*s - 131. Let r = h + t. List the prime factors of r.
59
Suppose -7*u + 39 = 6*u. Suppose -4*z = z + u*k - 77, z + 5*k - 33 = 0. List the prime factors of z.
13
Let p(s) = 5*s**3 - 26*s**2 - 29*s + 41. What are the prime factors of p(12)?
13, 353
Let y(w) = 167*w**3 - 30*w**2 + 46*w + 56. List the prime factors of y(6).
2, 8831
Suppose -3*q = l + q + 11, 3*l + q + 55 = 0. List the prime factors of 29*31 - (l - -18).
2, 3, 5
Let t(v) = -36*v - 17. Let k be (32/8 + 0 + -69)*-1. Suppose k = l + 70. What are the prime factors of t(l)?
163
Suppose -434*u = -3*b - 431*u + 91347, 0 = 2*b - 5*u - 60880. List the prime factors of b.
5, 6091
Suppose 25*g - g + 576 = 0. What are the prime factors of (-1*(-2358)/g)/(6/(-40))?
5, 131
List the prime factors of (69630/60)/((-6)/(-60)).
5, 11, 211
Let c = 43 - 48. Let o be (-1855 + -1 - c)/(-3). Suppose 16 = -4*b, -4*b - 2098 + o = -5*j. List the prime factors of j.
293
Suppose 0 = -15*d + 18*d - 9. Suppose -d*j = n - 1, 2*j + n + 3*n + 16 = 0. Suppose 4*t + u = 4*u + 379, 0 = 3*t + j*u - 297. List the prime factors of t.
97
What are the prime factors of (13944/342 - 2/19)*33?
2, 11, 61
Suppose 5*m - 5*l - 3940 = 0, 4 = 9*l - 8*l. Let j = m - 467. What are the prime factors of j?
5, 13
Suppose 0 = 32*c - 9532 - 115108. List the prime factors of c.
5, 19, 41
Let s(o) = -5*o**3 + 5*o**2 - 10*o + 24. Let z be s(3). Let m = 146 + z. What are the prime factors of m?
2, 5
Let w = -133 + 211. List the prime factors of 2730/49 - (w/21 + -4).
2, 7
Let g(x) = 2*x**2 - 11*x - 3. Suppose -4*w - 4*m = -132, m - 101 = -2*w - w. Let l = -24 + w. What are the prime factors of g(l)?
3, 29
Let f(p) = 1664*p**3 + 3*p**2 - 10*p + 9. List the prime factors of f(2).
13313
Let m = -13450 + 22660. What are the prime factors of m?
2, 3, 5, 307
Let h(g) = -g - 7. Let l be h(-11). Suppose -2965 = -4*x - 5*z - 808, -5*x + l*z + 2727 = 0. List the prime factors of x.
3, 181
Let o(m) = -18*m - 17 - 18*m + 17 + 28 - m**2. What are the prime factors of o(-29)?
3, 7, 11
Suppose 18 = 2*d - m, 3*d - 2*d = 2*m + 12. Suppose d*p - 7*p - 5 = 0. Suppose p*v - 6*v = -44. List the prime factors of v.
2, 11
Suppose -4*w = -84 + 76. What are the prime factors of 30*w*((-21)/(-2) - 6)?
2, 3, 5
List the prime factors of 4 - (1 + -812)*2.
2, 3, 271
Let b = -1078 - -1852. Suppose b = 5*i - 5*n - 631, -5*i + 3*n + 1403 = 0. What are the prime factors of i?
2, 5, 7
Suppose 354 = 9*b - 42. List the prime factors of 34848/b + (-6 - 0).
2, 3, 131
Suppose -2*s - 11*d = -8*d - 2442, 2442 = 2*s - d. Let k = s - 774. What are the prime factors of k?
3, 149
Suppose 8*h + h - 150333 - 297300 = 0. What are the prime factors of h?
3, 59, 281
Suppose -15 = 3*w, p + 7*w = 10*w + 748. Suppose -p = -2*t + 59. What are the prime factors of t?
2, 3, 11
Suppose 29*l - 2080155 = 3*o + 384935, o + 425016 = 5*l. What are the prime factors of l?
167, 509
Let p(d) = -3*d + 11. Let k be p(2). Suppose 7*m = 4*h + 4*m - 1492, -k*h + 1872 = -2*m. What are the prime factors of h?
2, 47
Suppose -3089 = -2*v - 5*m, -21*v + 5*m = -16*v - 7635. What are the prime factors of v?
2, 383
Suppose -18 + 22 = 2*m. Suppose -5*k + 199 - 20 = u, 0 = -m*u + 3*k + 423. What are the prime factors of u?
2, 3, 17
Let z = -4217 + 11244. List the prime factors of z.
7027
Let o = -45 - -48. Suppose -7*p + 75 = -2*p - 5*h, 0 = -o*p + h + 35. Let l = 66 - p. List the prime factors of l.
2, 7
Suppose 15 = 29*u - 28*u - w, -4*w = -u + 21. Suppose u*v - 18*v - y = -1139, 223 = v + 5*y. List the prime factors of v.
2, 3, 19
Let s(q) = 8*q - 10. Let a be (-28)/(-2)*(1 + -1 - -2). Let i = 44 - a. What are the prime factors of s(i)?
2, 59
Let h = -1705 + 7067. List the prime factors of h.
2, 7, 383
Suppose 37030 = m + d, -2*m - 4*d = -8489 - 65575. List the prime factors of m.
2, 9257
Let z = -76 + 81. Suppose -5*l + u - 3*u + 360 = 0, -z*u + 305 = 4*l. Suppose -4*c = 5*a - 100, 4*a = -2*c + l + 10. List the prime factors of a.
2, 5
Let d be 215*(-1 + (-32)/(-20)). Let k(m) = d*m**2 - 3*m + 5*m - 1 - 100*m**2. List the prime factors of k(2).
7, 17
Let p = 34 - 75. Let k(j) = -20*j - 429. Let r be k(-22). Let a = r - p. What are the prime factors of a?
2, 13
Suppose 27*x - 1597 = -t + 22*x, 0 = -3*t - 3*x + 4851. What are the prime factors of t?
2, 811
Let v(d) = 159*d**2 + 7*d - 39. Let m be v(4). Suppose 181 - m = -6*j. List the prime factors of j.
2, 7
Suppose -4*w = -476*l + 478*l - 44826, 3*w - 3 = 0. What are the prime factors of l?
73, 307
Let i be (-24)/(-96) + ((-1210)/(-8))/(-5). Let f = i - -1224. List the prime factors of f.
2, 3, 199
List the prime factors of 10*(((-117)/12)/(-13))/((-24)/(-30224)).
5, 1889
Suppose -q + 4*t = -0*q + 295, 865 = -3*q + 2*t. What are the prime factors of -5 - -4 - (q - 9)?
5, 59
Let a(q) be the third derivative of 0 + 7*q**2 + 0*q - 1/8*q**4 + 19/6*q**3. List the 